8729
What are the prime factors of 33875891?
7, 227, 21319
What are the prime factors of 3320759729?
7, 474394247
What are the prime factors of 301990913?
7, 157, 274787
What are the prime factors of 571972729?
571972729
What are the prime factors of 2295827469?
3, 13, 727, 2999
List the prime factors of 192022196.
2, 2179, 22031
List the prime factors of 2661759991.
11, 241978181
What are the prime factors of 3183429401?
17, 31, 6040663
List the prime factors of 231522824.
2, 13, 1117, 1993
List the prime factors of 32595777.
3, 61, 733
What are the prime factors of 8221858037?
31, 6043, 43889
List the prime factors of 1668717387.
3, 185413043
What are the prime factors of 2838417160?
2, 5, 1427, 49727
What are the prime factors of 41822925?
3, 5, 557639
What are the prime factors of 654359578?
2, 37, 8842697
What are the prime factors of 1081431630?
2, 3, 5, 12015907
What are the prime factors of 17586410?
2, 5, 1758641
What are the prime factors of 35710217?
17, 37, 56773
List the prime factors of 141109359.
3, 43, 1093871
List the prime factors of 30952603.
11, 97, 29009
What are the prime factors of 437533865?
5, 7577, 11549
What are the prime factors of 950269366?
2, 17, 27949099
What are the prime factors of 5889562064?
2, 349, 1054721
List the prime factors of 2263341793.
277, 8170909
List the prime factors of 2307126426.
2, 3, 11, 34956461
List the prime factors of 69001603.
11, 6272873
What are the prime factors of 182945724?
2, 3, 13, 563, 2083
What are the prime factors of 726641071?
13, 55895467
What are the prime factors of 203049892?
2, 137, 370529
What are the prime factors of 2650603585?
5, 7, 75731531
List the prime factors of 1492077492.
2, 3, 29, 31, 46103
List the prime factors of 19654421.
751, 26171
What are the prime factors of 76482644?
2, 7, 59, 67, 691
List the prime factors of 2221562910.
2, 3, 5, 7, 10578871
List the prime factors of 1981079508.
2, 3, 165089959
List the prime factors of 1868207555.
5, 293, 1275227
What are the prime factors of 3023442606?
2, 3, 73, 2239, 3083
What are the prime factors of 8964625649?
7, 1280660807
List the prime factors of 2400350.
2, 5, 61, 787
List the prime factors of 137829675.
3, 5, 1837729
What are the prime factors of 139406583?
3, 71, 654491
What are the prime factors of 69308500?
2, 5, 138617
What are the prime factors of 1886083367?
7, 79, 103, 33113
What are the prime factors of 20774706?
2, 3, 3462451
List the prime factors of 6029014960.
2, 5, 75362687
List the prime factors of 1786616538.
2, 3, 7, 53, 114659
What are the prime factors of 376705533?
3, 17, 19, 388757
What are the prime factors of 590563048?
2, 73820381
List the prime factors of 53512551.
3, 5945839
List the prime factors of 227759642.
2, 11, 17, 37, 109, 151
List the prime factors of 4597624724.
2, 7, 11, 1051, 2029
List the prime factors of 2074885259.
2074885259
List the prime factors of 470621013.
3, 17, 19, 31, 15667
List the prime factors of 286772467.
521, 550427
What are the prime factors of 57106856?
2, 19, 375703
List the prime factors of 1554503003.
293, 5305471
List the prime factors of 62543625.
3, 5, 166783
What are the prime factors of 612124824?
2, 3, 19, 1342379
List the prime factors of 47180873.
41, 1049, 1097
What are the prime factors of 4730830?
2, 5, 13, 151, 241
List the prime factors of 73934604.
2, 3, 23, 89293
List the prime factors of 318215339.
13, 53, 35527
What are the prime factors of 4868174579?
73, 66687323
What are the prime factors of 199002601?
7, 23, 953, 1297
List the prime factors of 472968975.
3, 5, 29, 217457
What are the prime factors of 3472848954?
2, 3, 941, 205033
What are the prime factors of 29996979?
3, 2819, 3547
What are the prime factors of 99962169?
3, 2351, 14173
What are the prime factors of 1377415834?
2, 53, 12994489
What are the prime factors of 75884471?
13, 199, 29333
What are the prime factors of 4395699400?
2, 5, 19, 877, 1319
What are the prime factors of 253647752?
2, 17, 1865057
What are the prime factors of 45415564?
2, 11353891
List the prime factors of 172905038.
2, 907, 95317
List the prime factors of 284408235.
3, 5, 43, 103, 1427
List the prime factors of 380958171.
3, 11, 47, 245621
What are the prime factors of 43645050?
2, 3, 5, 96989
What are the prime factors of 254860693?
199, 1280707
List the prime factors of 145699406.
2, 67, 1087309
What are the prime factors of 214825470?
2, 3, 5, 1993, 3593
What are the prime factors of 139595321?
139595321
List the prime factors of 170271071.
170271071
What are the prime factors of 93256195?
5, 18651239
List the prime factors of 1570308569.
41, 1459, 26251
List the prime factors of 1831567491.
3, 13, 19, 193, 1423
List the prime factors of 14872793.
13, 1144061
What are the prime factors of 706734021?
3, 7, 33654001
List the prime factors of 365778852.
2, 3, 97, 314243
What are the prime factors of 73961620?
2, 5, 3698081
What are the prime factors of 106741649?
7, 31, 70271
List the prime factors of 91233611.
7, 17, 19, 40351
List the prime factors of 43357877.
43357877
What are the prime factors of 2902825494?
2, 3, 161268083
What are the prime factors of 398578950?
2, 3, 5, 7, 11, 11503
List the prime factors of 1767090351.
3, 13, 103, 439903
List the prime factors of 14969742.
2, 3, 29, 227, 379
List the prime factors of 1235169340.
2, 5, 17, 181, 20071
What are the prime factors of 85656419?
47, 1822477
What are the prime factors of 3163905943?
11, 2969, 8807
What are the prime factors of 48218496?
2, 3, 199, 631
List the prime factors of 585000516.
2, 3, 757, 64399
What are the prime factors of 5615133?
3, 1871711
What are the prime factors of 797033763?
3, 17, 578819
List the prime factors of 24388199.
11, 227, 9767
List the prime factors of 106695666.
2, 3, 7, 11, 23, 3347
List the prime factors of 1790428208.
2, 173, 646831
What are the prime factors of 1141476312?
2, 3, 197, 241429
What are the prime factors of 73094886?
2, 3, 150401
What are the prime factors of 132773883?
3, 11, 1741, 2311
List the prime factors of 573748804.
2, 59, 2431139
List the prime factors of 19694204.
2, 1597, 3083
What are the prime factors of 213311017?
89, 421, 5693
What are the prime factors of 2769018959?
7, 47, 739, 1627
List the prime factors of 46233836.
2, 11, 1050769
What are the prime factors of 40383855?
3, 5, 31, 28949
What are the prime factors of 257951911?
7, 359, 102647
What are the prime factors of 731642128?
2, 7, 933217
List the prime factors of 2448896751.
3, 7, 379, 102563
What are the prime factors of 62609458?
2, 113, 449, 617
List the prime factors of 25746257.
521, 49417
What are the prime factors of 2917071988?
2, 1499, 486503
What are the prime factors of 7858127?
7858127
What are the prime factors of 208604048?
2, 47, 457, 607
List the prime factors of 5206684196.
2, 7, 103, 1805369
List the prime factors of 411323298.
2, 3, 29, 2363927
List the prime factors of 1713276858.
2, 3, 73, 181, 21611
List the prime factors of 6236070254.
2, 17, 59, 1283, 2423
List the prime factors of 268323074.
2, 67, 89, 149, 151
What are the prime factors of 1519372779?
3, 59, 307, 27961
List the prime factors of 252948606.
2, 3, 42158101
What are the prime factors of 759067953?
3, 7, 29, 31, 1297
List the prime factors of 44944336.
2, 463, 6067
List the prime factors of 403664011.
403664011
List the prime factors of 77410650.
2, 3, 5, 113, 4567
List the prime factors of 671370849.
3, 653, 4231
What are the prime factors of 249832881?
3, 19, 43, 61, 557
List the prime factors of 907969579.
11, 107, 771427
List the prime factors of 487580977.
13, 37506229
List the prime factors of 43839622.
2, 21919811
What are the prime factors of 10828432?
2, 43, 15739
What are the prime factors of 20104138?
2, 10052069
List the prime factors of 3401645695.
5, 7, 97189877
List the prime factors of 1335965488.
2, 11, 13, 23, 53, 479
List the prime factors of 2716476409.
2716476409
What are the prime factors of 1873835349?
3, 157, 1223, 3253
List the prime factors of 68534845.
5, 13706969
What are the prime factors of 655675190?
2, 5, 53, 173, 7151
List the prime factors of 49535371.
307, 317, 509
What are the prime factors of 200122376?
2, 953, 26249
What are the prime factors of 47432924?
2, 7, 11, 17, 9